der when q is divided by i(-5).
33
Let v = 7260 + -6342. Calculate the remainder when v is divided by 92.
90
Suppose 0 = 30*j + 2*j - 5558 - 2154. What is the remainder when 1920 is divided by j?
233
What is the remainder when 1 + 593/4 - (-4)/(-16) is divided by ((-200)/(-28))/((-1)/(-7))?
49
Let q(f) = -f**2 - 17*f + 72. Let g be q(-16). Suppose 270 = 7*s + g. Calculate the remainder when 123 is divided by s.
19
Suppose 2*d + 2*d + 1784 = 8520. What is the remainder when d is divided by 12?
4
Suppose 0 = 4*j - 16, -p - 4*j = -2979 + 1866. Calculate the remainder when p is divided by 12.
5
Suppose -4*r + 6*r - 6 = 0. Let o be (6/r)/2 + 308/4. What is the remainder when 49 is divided by ((1 + 1)/(-1))/((-12)/o)?
10
Let y = 111055 + -111030. Calculate the remainder when ((-14)/5)/((-2)/70) is divided by y.
23
Calculate the remainder when 76 is divided by (2 - -2)/20 - -356*(-7)/(-140).
4
Suppose 4*i - 576 = -4*r, -2*i - 4*r = -389 + 111. Let h = i + -87. Calculate the remainder when 119 is divided by h.
57
Suppose 108 = -46*o + 1828 + 304. Calculate the remainder when 2330 is divided by o.
42
Let p = -4528 - -4592. Calculate the remainder when 2168 is divided by p.
56
Let k(h) = h**2 + 15*h + 34. Let g be (-26)/(-39)*(-225)/(-2). Let l = -89 + g. Calculate the remainder when k(l) is divided by 12.
8
Suppose -3*o - 1492 = 2*b - 4206, 5*b = 5. What is the remainder when o is divided by 65?
59
Suppose 76*h - 14*h - 2738 = -12*h. Calculate the remainder when h is divided by (-3)/((-18)/20)*3.
7
Suppose -7 = -2*o - 1, -2*o = 2*h - 224. What is the remainder when 286 is divided by h?
68
Suppose -u + 53 = -51. Let p = -43 + u. Suppose -5*h = -204 - p. What is the remainder when h is divided by 9?
8
Let i = -226 - -152. Let z = 98 + i. What is the remainder when 39 is divided by z?
15
Let z = 30 + -37. Let x(v) = -2*v + 3 + 4*v - 2*v - 2*v. Calculate the remainder when 48 is divided by x(z).
14
Let t be ((-12)/16)/((-1)/20). Let j be ((-14)/(-4))/(t/30). Suppose -j*r + 296 = r. Calculate the remainder when 144 is divided by r.
33
Calculate the remainder when (((-3508)/(-14))/(96/448))/(4/6) is divided by 45.
44
Suppose -12*n = -n - 22. Suppose 76 = 5*d + n*l - 125, 4*l - 12 = 0. Suppose 10*v + d = 13*v. What is the remainder when 51 is divided by v?
12
Let i be -2 + 1083 + 4 + -1. Suppose -5*j = 3*l - i, -1100 = -j - 4*j + 5*l. What is the remainder when j is divided by 22?
20
Suppose -4 = -r, -11*r + 14*r = 9*s - 1374. Calculate the remainder when s is divided by 27.
19
Suppose -4*a = -3*a - 70. Let m = 72 - a. Suppose -g + 3*g = -m*v + 36, -3*v = 15. Calculate the remainder when 112 is divided by g.
20
Let u(b) = -b**2 + 42*b + 117. Calculate the remainder when u(36) is divided by 19.
10
What is the remainder when (-2217)/(-9) + 1/(-3) is divided by ((-12)/14)/(-41 - 10323/(-252))?
6
Let a = -1524 - -893. Let g = 654 + a. Calculate the remainder when 274 is divided by g.
21
Let q(n) = -5*n**2 + 465*n - 705. Calculate the remainder when q(89) is divided by 182.
165
Suppose 14*p = 17*p + 36. Calculate the remainder when (-258)/p + -8 - (-2)/4 is divided by 8.
6
Suppose -5*g = 5*t - 2895, 3*t - 2466 + 729 = -2*g. Calculate the remainder when t is divided by 288.
3
Let g(t) = 74*t**2 + 41*t - 110. What is the remainder when g(-5) is divided by 48?
47
Let y be 64/80*25/2. Calculate the remainder when 90 is divided by y/(-2)*272/(-85).
10
Let t(l) = -6*l**2 - 3 + 1 - l + 0 + l**3 - 2*l**3. Let h be t(-6). Calculate the remainder when 54 is divided by h/10*105/3.
12
Suppose 3*c - 12861 = -4*v, -3*v - 2*v + 16059 = -2*c. Calculate the remainder when v is divided by 67.
64
Let w(p) = -130*p + 9. Let s be (-3 - -1) + 88/(-4). Calculate the remainder when 265/8 - (-3)/s is divided by w(0).
6
Suppose -10 = 6*o - 8*o, 29 = y + 5*o. Suppose y*x - 11868 = -19*x. Calculate the remainder when x is divided by 37.
35
Let f(m) = 647*m - 2402. Let n(s) = s**2 - 3*s + 9. Calculate the remainder when f(4) is divided by n(5).
15
Let k = 162 - 166. What is the remainder when 83 is divided by 2412/81 + k/(-18)?
23
Let f(n) = 2*n**2 - 31*n - 612. What is the remainder when 246 is divided by f(-12)?
6
Calculate the remainder when 14/35*1/((-20)/25)*-1566 is divided by 23.
1
Let z = -1293 + 4201. Calculate the remainder when z is divided by 26.
22
Suppose -2*w - 8 = -2. Let x = 7 - w. Calculate the remainder when 5922/369 + (-6)/123 is divided by x.
6
Suppose 338*f = 16587 + 53041. Calculate the remainder when f is divided by (-2)/5 + (-277)/(-5).
41
Let w = 382 - 223. Let g = 179 - 138. What is the remainder when w is divided by g?
36
Let w = 12 - -39. Let c(k) = -4*k + 63. Let d be c(14). Suppose 64 = d*u - 76. Calculate the remainder when w is divided by u.
11
Let y(t) = -t**3 - 23*t**2 + 32*t - 14. Let s be y(-24). Let w = s - -231. What is the remainder when w is divided by 16?
9
Suppose 22*m + 5246 = 65*m. What is the remainder when m is divided by 18?
14
Let f(h) = -h**3 + 8*h**2 + 34*h + 20. Calculate the remainder when 245 is divided by f(-4).
17
Suppose -3*z = -4*u - 109, 80 - 171 = -2*z - u. What is the remainder when z is divided by 17?
9
Suppose -5*d = 209*m - 208*m - 63, -2*m = -3*d + 17. Calculate the remainder when 967 is divided by d.
10
Suppose 2*u + 0*u = 152. Suppose 0 = 3*a - 3*z + 6*z - 36, 0 = 3*z + 12. Calculate the remainder when u is divided by a.
12
Let d = -485 - -722. Let m = 363 - d. Calculate the remainder when m is divided by 23.
11
Let z(l) = l. Let b be z(0). Suppose -760 = -b*q - 4*q. Suppose -q = -8*j + 298. Calculate the remainder when j is divided by 16.
13
What is the remainder when 5457 is divided by 10/(((-9)/(-819))/((-15)/(-105)))?
127
Let y = -312 + 417. Let q(u) = 3*u**2 - 5*u. Calculate the remainder when y is divided by q(4).
21
What is the remainder when 8 + (-6 - (-1574 - (-12 + 8))) is divided by 75?
72
Suppose 3*g + 3 = 12. Suppose 0 = -4*p - j + g, -p - 6 = -0*p - 2*j. What is the remainder when 38 is divided by -2 + 11 - (-1 - p)?
8
Suppose -74*o - 3438 = -14307 - 24059. Calculate the remainder when o is divided by 79.
77
Let u(n) = -n**3 + 26*n**2 + 25*n + 79. Let q(t) = 4*t - 5*t + 0*t + 0*t - 2. Calculate the remainder when u(27) is divided by q(-11).
7
Suppose -104 = 2*w + l - 441, 4*w + 4*l - 664 = 0. Suppose -5*z + w + 9 = 0. Calculate the remainder when z is divided by 11.
3
Suppose 0 = n + 61 - 66. Calculate the remainder when 3*(6851/195 - (-1)/n) is divided by 18.
16
Let h = -30261 + 30268. Calculate the remainder when 475 is divided by h.
6
Let u(c) = -c**3 + 56*c**2 - 374*c + 88. Calculate the remainder when u(48) is divided by 132.
40
Suppose -3*q + 2*v + 904 + 503 = 0, -5*q - 3*v + 2345 = 0. Let f = 50201 + -50142. Calculate the remainder when q is divided by f.
56
Suppose -5*m = 3*h - 38, 2759*m + 14 = 5*h + 2755*m. Suppose 391 - 103 = 4*y. Let o = -44 + y. Calculate the remainder when o is divided by h.
4
Let d be (22/(-33))/(4/(-18)). Let a(f) = f**3 - 2*f**2 + f - 9. What is the remainder when (4/(-4))/((-2)/6) is divided by a(d)?
0
Suppose 0 = -r - 1664*u + 1659*u + 77, -5*u = -r + 127. Calculate the remainder when 431 is divided by r.
23
Let k(f) = f - 813 - 2*f + 17*f**2 + 807. Let i(r) = 33*r**2 - 2*r - 13. Let y(p) = -2*i(p) + 5*k(p). What is the remainder when y(-2) is divided by 19?
17
Let k = -1492 + 1543. Let a(x) = -x**3 - 7*x**2 + 6*x - 9. What is the remainder when a(-9) is divided by k?
48
Let z = -13 + 17. Suppose -z*c + 0 = -56. Suppose 5*w = 5*k + 50, -3*k + 5*k = w - 13. What is the remainder when c is divided by w?
0
Let m = -9748 + 9757. Suppose -390 + 153 = -3*v. Calculate the remainder when v is divided by m.
7
Let x = 75 - 71. Let b = x - -6. Suppose 0 = 11*k - b*k - 32. Calculate the remainder when 92 is divided by k.
28
Suppose 13*r = 8*r + 30. Suppose 0 = -r*m - 0*m + 390. Calculate the remainder when m is divided by 12.
5
Suppose 0 = 120*r - 266*r + 102200. What is the remainder when r is divided by 64?
60
Let v = -25 + 24. Let d be (v - 7) + -11 + 7. What is the remainder when ((-2 - -1)*156)/(d/8) is divided by 27?
23
Let b(p) = -3*p**2 + 6*p - 3. Let r be b(4). Let x = -27 - r. Suppose -7*u + 77 + x = 0. Calculate the remainder when 21 is divided by u.
10
Let d(q) be the firs